. Calculate k(f).
6
Let w(d) be the third derivative of -d**6/120 - 3*d**5/20 + 13*d**4/24 + 4*d**3/3 + 15*d**2 + 5. Calculate w(-10).
-22
Let c(i) = 9*i**3 - i**2 - i. Let t be ((-14)/21)/(2/3). Give c(t).
-9
Suppose -7*u + 8*u = 3. Let x(m) = -4*m**2 - 13 + 37 - 15 + 5*m + u*m**2. Calculate x(7).
-5
Let t(b) = -b**2 + 1. Let x(n) = n**2 + 12*n + 17. Let o(d) = 2*t(d) + x(d). Give o(13).
6
Let b(d) be the third derivative of -1/24*d**4 + 0*d + 0 + 2*d**3 + 40*d**2. Determine b(5).
7
Suppose 3*p - 5*i - 37 = -p, -2*p + 21 = -3*i. Let f(j) = -3*j**2 + 992*j + j**p - 992*j. Determine f(4).
16
Let y(x) = 6*x - 13. Let r be y(3). Let c(t) = -2*t + 3. Let f(l) = -l + 4. Let b(z) = r*f(z) - 6*c(z). Let p be (-1)/(1/(-2)) - 0. Calculate b(p).
16
Let z(i) = -i - 1. Let o(g) = -g**2 - 8*g + 7. Let k(u) = -o(u) + 2*z(u). Suppose -d - 42 = -34. Give k(d).
7
Let k = -573/2 - -290. Let b(c) be the second derivative of 1/20*c**5 + k*c**2 + 5/6*c**3 - 7/12*c**4 + 0 + 3*c. What is b(6)?
1
Let r(a) = 7*a**2 + 4*a + 2. Let p(j) = 3*j**2 + 2*j. Let i(b) = 5*p(b) - 2*r(b). Suppose 0*k - 20 = 5*k. What is i(k)?
4
Let q be 221/78 + 2/12. Let r(p) = 3*p**3 + 8*p**2 + 4*p. Let l(g) = -7*g**3 - 17*g**2 - 9*g. Let w(h) = 4*l(h) + 9*r(h). Give w(q).
9
Suppose 0 = -2*y - 3*k - 20, y + 5*k = 2*k - 13. Let x(l) = l + 4*l - l**2 - 35*l + 7*l + 7 + 16*l. Calculate x(y).
7
Suppose -k = 2 + 1. Let c be -1 - (-2 + 3/k). Let z(r) = -c - r - r**2 + 0*r**2 - 4*r + 4*r. Calculate z(0).
-2
Let n(g) = -7*g + 13. Let m(b) = 4*b - 7. Let u(z) = z**3 + 2*z**2 + 2*z + 1. Let y be u(-2). Let k(a) = y*n(a) - 5*m(a). What is k(-6)?
-10
Let p(f) = 5*f**2 + 2*f - 2. Let g(q) = -8*q - 90. Let h be g(-11). Determine p(h).
14
Let z(x) = -x. Suppose 2*l - 8 = 4*q + 4*l, 4*l = 16. Let i be (-2)/q - 18/(-4). Calculate z(i).
-5
Let p(o) = -7*o**3 + 2*o**2 + o. Suppose 0 = 5*l - 2 - 3. Let y be (-12)/(-20) + 115/(-25). Let f be 3/y + l/(-4). Calculate p(f).
8
Let r(s) = s**2 + 4*s + 3. Let q be -3 + 4 + 1 - -3. Suppose 11 - 61 = -q*d. Suppose -5*m + 10 = -d*m. Give r(m).
-1
Let s(v) be the third derivative of -v**6/120 + v**5/10 + 5*v**4/24 - v**3/2 - 45*v**2 - 1. Determine s(7).
-17
Let k(x) = 5*x - 16*x**2 + 15*x**2 + 1 - 2. Give k(5).
-1
Let n(w) = 7*w**3 - 3*w**2 + 3. Let m be 360/200*(-20)/(-6). Let x(z) = -20*z**3 + 8*z**2 + z - 8. Let d(k) = m*x(k) + 17*n(k). Determine d(-4).
-5
Let k = -19 + 20. Let x(z) = -k + 5*z + 188*z**2 - 185*z**2 - 2 - z**3. Calculate x(4).
1
Suppose -2*p = h + 30, p - 4*h = h - 4. Let k = -10 - p. Let v(x) = -x - 5*x - 28*x**2 + 26*x**2 + 1 + x**3. Determine v(k).
9
Suppose -4*v = 12, 5*v - 9 = -n - 18. Let m(k) = k**2 - 8*k + 7. What is m(n)?
-5
Let b(x) be the first derivative of x**5/60 + x**4/24 - 7*x**3/6 - 4*x**2 - 4. Let f(i) be the second derivative of b(i). Suppose 2*h = -2*h. Give f(h).
-7
Let y(d) = -12*d**3 + 9*d + 9. Let f(j) = 3*j**3 - 2*j - 2. Let t(x) = 18*f(x) + 4*y(x). Calculate t(-1).
-6
Let u = -7 - -10. Let c(x) be the first derivative of -5*x**3/6 + 4*x - 5. Let i(g) be the first derivative of c(g). Calculate i(u).
-15
Let q(r) = 3*r - 9. Let i(g) = 18 - 3*g - 9*g + 5*g. Let k(v) = -4*i(v) - 9*q(v). Let a(p) = -2*p**2 - 5*p - 4. Let d be a(-3). What is k(d)?
2
Suppose -2*f - 2*g - 24 = -3*g, 0 = -4*f - 2*g - 32. Let x be 48/f - (-1)/(-5). Let a(d) = -d**2 - 4*d + 1. Determine a(x).
-4
Let u(k) = 7*k**3 - 13*k**2 + k. Let r(v) = 13*v**3 - 25*v**2 + 3*v - 1. Let z(i) = 6*r(i) - 11*u(i). Suppose -5*x = -3*l - 27, 4*l = x + 3 - 5. Give z(x).
0
Let p(f) = 3 + 56*f**3 - 168*f**3 + 2*f + 0*f**2 + 62*f**3 + 3*f**2 + 52*f**3. What is p(-2)?
-5
Let m(o) = 2*o + 7. Let v be m(0). Let n(j) = 2*j - 140 + 67 + 77. Calculate n(v).
18
Let q(c) = -4*c - 4*c**2 + 73 - c**3 - 71 - 2*c**2. Suppose m = -3, -7 - 7 = 4*x - 2*m. What is q(x)?
-3
Let l(y) = y**3 - 6*y**2 + 5*y + 6. Let i = -900 + 905. Determine l(i).
6
Let s = -11 - 3. Let t = 17 + s. Let x(r) = 4 - 7*r**2 - t*r - 3*r - r**3 + 0*r**3. What is x(-6)?
4
Let u(r) = -r - 1. Let w(z) = 2*z + 1. Let n be w(6). Suppose -n*a = -5*a + 48. Give u(a).
5
Let u be ((-24)/3)/(4 - 2). Let h(f) = f**3 + 3*f**2 - f + 8. Calculate h(u).
-4
Let i be (-37)/6 - 49/(-42). Let m(r) = r**3 + 6*r**2 + 10*r + 25. Determine m(i).
0
Let h be (48/(-30))/(6/(-15)). Suppose -7 = -h*b + 25. Let s(o) = -o + 6 - 4 + b*o - 1. What is s(-1)?
-6
Let j(a) = a**3 + 6*a**2 - 8*a - 15. Let v be 51/(-102)*14*1. Determine j(v).
-8
Let k(h) = -5*h - 2. Let a be (110/15)/11*-12. What is k(a)?
38
Suppose -2*r = 33 + 23. Let v = r + 43. Suppose 2*s + 7 = 1, 0 = -5*k + 5*s + v. Let t(y) = y + 2. Give t(k).
2
Let p(i) be the first derivative of i**3/3 - 5*i**2/2 + 6*i - 93. Determine p(4).
2
Let k(m) be the second derivative of -17*m**4/12 - m**3/3 - m**2/2 - 401*m. Give k(-2).
-65
Let l(c) = -c**3 + c**2 - c + 2. Let m = -15 - -21. Let w be 142/(-12) + (-1)/m. Let a = 14 + w. Give l(a).
-4
Let y(f) be the third derivative of -f**4/24 - 7*f**3/6 + 76*f**2 - 2. Give y(-6).
-1
Let k(i) = 6*i - 7. Let q(s) = 3*s - 3. Let m(f) = 2*k(f) - 5*q(f). Let g(c) = 3*c - 2. Let d(y) = 2*g(y) + 3*m(y). Give d(-5).
14
Suppose 0 = 3*q - 6, -2*r + 5*q - 3*q + 26 = 0. Suppose -35*i = -38*i + r. Let n(k) = k**3 - 5*k**2 + 2*k - 3. What is n(i)?
7
Let c = 1068 + -1074. Let p(j) = 3*j + 12. What is p(c)?
-6
Let u(f) = -f**2 + 2*f**3 + 0*f**3 - f - 3*f**3. Let v(l) = l**2. Let m(w) = 3*w**2 - 5*w + 4. Let h(t) = m(t) + 4*v(t). Let r(c) = h(c) + u(c). Determine r(5).
-1
Let v(q) = -q**2 - 8*q - 6. Let c be ((-30)/9)/((14/(-3))/(-7)). Calculate v(c).
9
Let m(r) = -7*r**2 - 7*r - 6. Let t(o) = 9*o**2 + 6*o + 4. Let h(i) = 4*m(i) + 3*t(i). Let f be (-3)/((-6)/16*-1). Give h(f).
4
Let g(z) = -5*z - 4. Let j(w) = -w + 2. Let s be j(6). Let r(m) = 6*m + 4. Let x(v) = s*r(v) - 5*g(v). Let k(h) = h**2 - 9*h - 22. Let y be k(11). Give x(y).
4
Let z(t) = -7*t**2 + 3*t - 10. Let o(f) = f**2 + f + 1. Let u(w) = 6*o(w) + z(w). Determine u(8).
4
Let o(h) = -2*h**2 + 8*h - 4. Let z(c) = -2*c**2 + 7*c - 4. Let q = -45 + 48. Let t(a) = q*z(a) - 2*o(a). Give t(3).
-7
Let c(h) = -2*h + 9. Let t be 30*-1*(-16)/(-40). Calculate c(t).
33
Suppose -3*f = 28 - 10. Suppose -z - 81 = -86. Let c(s) = z + 3*s**2 + 5*s + s**3 - 12 + 4*s**2. What is c(f)?
-1
Let n = -35 + 37. Let l(j) = -5 - 4 + 3*j + 4*j**2 - 3*j**n + 7. Suppose 2*v + 8 + 6 = -4*f, 2*v - 4*f - 2 = 0. Give l(v).
-2
Suppose -3*u - 8 = u. Let y(z) be the first derivative of z**3/3 + 5*z**2/2 + 3*z + 588. Determine y(u).
-3
Let a(p) be the second derivative of p**4/12 + 4*p**3/3 + 7*p**2/2 + 2*p. Suppose 7408*m - 70 = 7422*m. Determine a(m).
-8
Let b(m) be the first derivative of m**2 - 2*m - 2*m**2 + 3*m**2 - m**2 - 9. Determine b(5).
8
Suppose -o + 5*r = -6 + 38, r - 5 = 0. Let c(v) = v**3 + 6*v**2 - 11*v - 9. Calculate c(o).
19
Let z be 20/8 - 3/6. Suppose 3*x - 17 = -z*i, 3*i - x - 12 + 3 = 0. Let p(a) = -a**3 + 5*a**2 - 4*a + 4. Give p(i).
4
Let j(t) = 25*t + 18. Let q(p) = -9*p - 6. Let a(s) = 4*j(s) + 11*q(s). Give a(11).
17
Let s(i) be the third derivative of 0 + 1/24*i**4 + 0*i + 28*i**2 - 1/6*i**3. Give s(7).
6
Let n(o) = -2*o - 7. Let r be n(-6). Let h(s) = -s + 0 + 2 + r. Suppose x + x - 10 = -4*g, -4*x = 3*g. What is h(g)?
3
Let i(u) be the third derivative of u**5/60 - u**4/24 - u**2. Suppose 3 = q - w, 0 = 3*w + 18 - 9. Let c be q*(-3)/(-9)*(-1 - -2). Give i(c).
0
Suppose -168 = 2*g - 174. Let m(u) be the third derivative of 1/12*u**4 - 5*u**2 + 0 + 1/60*u**5 + 0*u + 1/3*u**g. What is m(-3)?
5
Suppose 10*x - 8*x + 72 = 0. Let k = 38 + x. Let m(o) = -11*o + 2. Give m(k).
-20
Let c(r) = r**3 + r**2 + r - 2. Let w be -1 - (6 + -10) - (-9)/(-3). Calculate c(w).
-2
Let d(v) = -179*v - 1259. Let f be d(-7). Let b(p) = 2*p**2 - 7*p + 11. Let q(i) = -3*i**2 + 13*i - 21. Let j(o) = -5*b(o) - 3*q(o). Give j(f).
-4
Let o(f) = -3*f + 9. Suppose 0 = -3*y - 3*l - 3, -3*l - 35 = 13*y - 18*y. Determine o(y).
-3
Let r(j) = 0 - 5 - 2. Let n(c) = -c - 1. Let v(f) = n(f) + r(f). What is v(-10)?
2
Let x(z) = -9*z - 56. Let h be x(-7). Let n(o) be the third derivative of -1/10*o**5 - 7/24*o**4 + 0*o - 1/120*o**6 - 7/6*o**3 - h*o**2 + 0. Give n(-5).
3
Suppose g = -4*h + 9*h - 25, 25 = 4*g + 5*h. Let r(m) = -m**3 + m - 18. What is r(g)?
-18
Let 